8. Suppose 2*k = 4*k - w. What is the units digit of k?
1
Let j = 2876 + -1188. What is the units digit of j?
8
Suppose 11 + 1 = 2*a. Suppose 1 = -z - a. Let q(m) = m + 14. What is the units digit of q(z)?
7
Let u = -676 - -5064. What is the tens digit of u?
8
Let m(n) = -2*n + 24. Let g be m(13). Let q be -37 + -1*-2*1. What is the units digit of q/g + (-9)/(-6)?
9
Let f = 42 - 40. Suppose 3*i = 3*r + 15, 0*i + 2 = i + f*r. Suppose -5*x + i*x = -35. What is the units digit of x?
5
Let f(b) = 2*b**2 + 3. Let q be f(0). Suppose -q*v + 12 = -93. What is the units digit of v?
5
Let s(f) = -5*f + 1. Let y(d) = 4*d - 2. Let l(w) = 3*s(w) + 4*y(w). Let k be l(9). Suppose 0*b + k*b - 132 = 0. What is the units digit of b?
3
Let p(l) = 2*l + 15. Let b be p(-9). What is the tens digit of (-1 + -2)/(b/58)?
5
Let l = -1296 + 1863. What is the tens digit of l?
6
Suppose 4 = -i, -3*k + i - 423 = -1102. What is the tens digit of k?
2
Let s(n) = -293*n - 431. What is the units digit of s(-13)?
8
Let r = 963 - 551. What is the units digit of r?
2
Suppose -4*c + 5 + 15 = 0. Suppose -o + 2*a + 20 = 3*o, 4*o - c*a = 26. Suppose o*p - 84 + 16 = 0. What is the tens digit of p?
1
Let o(u) = -u**2 + 26. What is the units digit of o(-5)?
1
Let a(v) = v**3 + 17*v**2 + 22*v + 47. What is the units digit of a(-14)?
7
Let p(v) = -48*v - 25. What is the tens digit of p(-8)?
5
Let g = -252 - -6. Let f = 417 + g. What is the units digit of f?
1
Suppose 14*p - 28738 = -9712. What is the tens digit of p?
5
What is the tens digit of -3 + 702/1 + (12 - 14)?
9
Suppose -4*c = c - 185. What is the units digit of (-15)/(-4)*c - (-4)/16?
9
Let t = 4 - 0. Suppose -t*p = -6*p + 8. Suppose -p*a - 128 = -8*a. What is the units digit of a?
2
Suppose x - 247 = -5*n, 4*n - 827 + 53 = -3*x. Suppose 0 = -6*s + 32 + x. What is the tens digit of s?
4
Let b be (-14)/56*1*4. What is the tens digit of -1 + b + 78*1?
7
Suppose -15*k - 8378 + 24563 = 0. What is the thousands digit of k?
1
Suppose -342 = -14*q + 288. What is the tens digit of q?
4
Let s = 553 + -546. What is the units digit of s?
7
Let u(z) = 0*z + 0*z + 7*z**2 + 7 - 535*z**3 + 534*z**3. What is the units digit of u(7)?
7
Let f(a) be the third derivative of a**4/24 + 3*a**3/2 - 3*a**2. Let b be f(12). What is the units digit of (b/(-1))/(6/(-10))?
5
Let n(c) = -11*c + 17. Let a(r) = -3*r + 4. Let j(f) = 9*a(f) - 2*n(f). Let k(u) = u - 5. Let h be k(0). What is the units digit of j(h)?
7
Let r = -1345 + 1528. What is the hundreds digit of r?
1
Let n(o) = o**3 + 7*o**2 - 5*o - 8. Let i be n(-7). Suppose i = -4*b + 5*m, -m = -3*b - b - 15. What is the units digit of 8 + -1 + (-1 - b)?
9
Suppose 0 = -o + 2*a + 168, 2*o - 3*o + 153 = a. Let h = 267 - o. What is the tens digit of h?
0
Let g(f) = f**2 + 12*f - 78. What is the hundreds digit of g(-23)?
1
Let i = -5 + 10. Suppose i*f + 12 = 2*f. What is the tens digit of 35 + (-1 - (f + 3))?
3
Suppose -4*l = 7 + 1. Let a = 6 + l. Suppose -46 - 26 = -a*u. What is the tens digit of u?
1
Let k(h) = 8*h**3 + h**2 - 1. Let l be k(1). Let t(g) be the third derivative of g**4/12 + g**3/2 + 23*g**2 - 2. What is the units digit of t(l)?
9
Suppose 0 = -t + 7 - 0. Let z = -9 + t. What is the units digit of -10*(z - (-14)/10)?
6
Let d = 246 + -126. Suppose -r = 40 - d. What is the units digit of r?
0
Let c be (70/15)/((-2)/3). Let o be (4 + c)*(-25)/15. Suppose 4*z + 3*u = 141, -o*z + 3*u = -z - 147. What is the units digit of z?
6
Suppose 204*b - 209*b = -4680. What is the units digit of b?
6
Suppose 3*y + 3 = 0, 3*a + y = 3*y + 14. What is the units digit of a?
4
Let b = 712 - 287. What is the hundreds digit of b?
4
Let t(k) = k**3 + 9*k**2 + 7*k + 12. Let u be t(-6). Let f = u - 25. What is the units digit of f?
3
Suppose -k = -0*k + 3. Let h be ((-1)/1)/(k/6). Suppose h*z + p - 74 = 0, -p + 12 = 2*p. What is the tens digit of z?
3
Suppose 3*f + 3*g - 1779 = 0, 3*g = 2*f + 9 - 1185. What is the hundreds digit of f?
5
Suppose -5*m = -m - 176. What is the units digit of (0 - 9)*m/(-3)?
2
Let b be 16 - 6/(-1 - -3). Suppose 3*i + 7 = 2*j - b, 0 = -4*j + 3*i + 28. What is the units digit of j?
4
Let c(v) = v**3 + 7*v**2 + 9*v. Let l be c(-5). Suppose -s - l*w = 4*s, -4*w = 2*s + 2. What is the units digit of s?
1
Let n(s) = -s**3 + 13*s**2 + 14*s. Let o be n(14). Suppose q + i + 0*i - 177 = o, -4*q + 716 = -4*i. What is the tens digit of q?
7
Suppose -5 = 2*w + 1. Let k(f) = 10*f**2 + 4*f - 1. What is the units digit of k(w)?
7
Let g(l) = l**3 + 13*l**2 + 15*l - 13. Suppose 2*u - 5 = -4*w - 15, -4*u - 53 = -3*w. Let r be g(u). Suppose -5*s + r = -s. What is the units digit of s?
6
Let y(u) = u**2 + 5*u - 19. Let l be -10 - -9*2/(-6). What is the units digit of y(l)?
5
What is the units digit of (-2)/(-3) - ((-22492)/3)/4?
5
What is the tens digit of 2438/8 + -3*(-20)/48?
0
Let j(w) be the first derivative of -w**2 - 16*w + 12*w + 3 + 5*w. What is the units digit of j(-5)?
1
Let s(b) = 3*b**2 + 4*b + 1. Suppose 0 = 3*w - 6 - 0. Suppose -6*x - 16 = -w*x. What is the tens digit of s(x)?
3
Let g = -22 + 26. Suppose g*l + 3 = -17. What is the tens digit of (-203)/l + 40/100?
4
Let y = -3718 - -6450. What is the tens digit of y?
3
Suppose -s + 1274 = 3*u, -16*s + 3*u - 6322 = -21*s. What is the tens digit of s?
6
Let a = 12 - 18. Let b(k) = -23*k - 43. What is the units digit of b(a)?
5
Suppose -18*q = 6566 - 29138. What is the units digit of q?
4
Let k = 1885 - 412. What is the tens digit of k?
7
Suppose -2*a = -7*a + 2*c + 9835, 4*a + c = 7881. What is the thousands digit of a?
1
Let k = -403 + -79. Let q = k + 729. What is the hundreds digit of q?
2
Suppose 4*p = n - 23, n - 4*n = 3. Let z(h) = -5*h**2 - 8*h - 1. Let j(q) = q**2. Let i(y) = p*j(y) - z(y). What is the units digit of i(6)?
3
Suppose -4*n = n + 35. Let t(p) be the first derivative of -9*p**2/2 - 10*p - 3. What is the units digit of t(n)?
3
Suppose 4*f + 15 = -4*n + 55, f = 3*n + 10. Let o = 55 + f. What is the units digit of o?
5
Let j be (18/8)/((-4)/(-32)). Let w = -8 + j. What is the units digit of (16/6)/(w/15)?
4
Let q be (-6)/5*4/(-16)*10. Suppose -u + 10 = -5*c + c, -3*u + 60 = q*c. What is the units digit of u?
8
Let w(b) = -b**3 + 8*b**2 + 13*b. Suppose 7 = -2*y + 1, 0 = -2*i - 5*y + 3. What is the tens digit of w(i)?
3
Suppose 4*d - 1330 = -3*d. Suppose d + 2 = 8*f. What is the units digit of (-8 - -7)*(1 - f)?
3
Let f(x) = -3*x + 29. Let l be f(8). Let o(d) = -6*d**2 - 11*d + 5. Let i(a) = -a**2 - 2*a + 1. Let y(v) = 11*i(v) - 2*o(v). What is the units digit of y(l)?
6
Let i = 80 - -139. Suppose -2*o = o - i. What is the units digit of o?
3
What is the hundreds digit of (-4 + 32734/39)/(4/6)?
2
Let x be -178*(-4 - 14/(-4)). Let i = x + -88. What is the units digit of i?
1
Suppose -7*l + 2514 + 405 = 0. What is the units digit of l?
7
Suppose 4*f + 234 = g, -12*g + 11*g = -3*f - 237. Let y = g - 127. What is the units digit of y?
9
Suppose -6 = 2*b + 28. Let m(v) = 3*v**2 + 4*v + 15. Let i be m(-3). Let w = i + b. What is the tens digit of w?
1
Suppose 3*a + 2*s - 645 = 0, -a - 4*a + 1075 = s. Suppose -3*w - 2*x - 3*x = -605, -a = -w - 5*x. Suppose -w + 67 = -4*n. What is the tens digit of n?
3
Let r be -3 - (-25 - -2)/1. Suppose 0 = 3*p + r + 19. Let i = -12 - p. What is the units digit of i?
1
Suppose 988 = u - 3*f, -8*u + 13*u - 5000 = -5*f. What is the tens digit of u?
9
Let k be 0 - -11 - (1 - -2). Suppose -13*o = -k*o. Suppose 2*f - 4*f + 24 = o. What is the tens digit of f?
1
Suppose 192 = 2*w + 624. Let q = w - -396. Suppose -3*j + 122 = 2*t - 6*t, -5*j = 5*t - q. What is the tens digit of j?
3
Suppose 0*g + y = 4*g - 36, 5*y = 2*g. Suppose -5*k - g = -10*k. What is the units digit of 12/k - (4 + -3)?
5
Let h(d) = d**3 - 11*d**2 + 8*d + 5. Let y be h(10). Let c = y + 11. Let f(o) = -o**2 - 8*o - 5. What is the tens digit of f(c)?
1
Let q = -2344 - -4222. What is the units digit of q?
8
Let i = 72 - 29. Let h = 170 + i. What is the tens digit of h?
1
What is the tens digit of (1 + -7)/2 + 20305/131?
5
Let z = 15 - 10. Suppose 3*g = z*h - 49, -h = -3*g + 3*h - 53. Let n = g + 44. What is the units digit of n?
1
What is the tens digit of (-89216)/(-76) + (4 - 74/19)?
7
Suppose -s - 4*j + 3 + 612 = 0, -3*s = 5*j - 1824. What 